{"id":53,"date":"2023-07-02T20:25:33","date_gmt":"2023-07-02T18:25:33","guid":{"rendered":"https:\/\/www.oevp-langenlebarn.at\/?page_id=53"},"modified":"2025-12-13T20:46:40","modified_gmt":"2025-12-13T19:46:40","slug":"impressum","status":"publish","type":"page","link":"https:\/\/www.oevp-langenlebarn.at\/?page_id=53","title":{"rendered":"Impressum"},"content":{"rendered":"\n<p>Impressum gem. \u00a7 25 Mediengesetz<br>sowie Anbieteridentifizierung gem. \u00a7 5 Abs 1 ECG<\/p>\n\n\n\n<p><strong>Medieninhaber und Herausgeber<br><\/strong>Volkspartei Nieder\u00f6sterreich, Ferstlergasse 4, 3100 St. P\u00f6lten<br>Ortsgruppe Langenlebarn<br>E-Mail:&nbsp;<a href=\"javascript:linkTo_UnCryptMailto(%27kygjrm8tn%2CbgpcirYtnlmc%2Cyr%27);\">vp.direkt@vpnoe.at<\/a><br>Tel.: +43 (2742) 9020 &#8211; 0<br>Internet:&nbsp;<a href=\"https:\/\/www.vpnoe.at\/\" target=\"_blank\" rel=\"noreferrer noopener\">https:\/\/www.vpnoe.at<\/a><\/p>\n\n\n\n<p><strong>Redaktion<br><\/strong>GR Mag. Dr. Carmen Kutsche-Androsch<\/p>\n\n\n\n<p><strong>Bankverbindung<\/strong><br>Raiffeisenbank Tulln<br>IBAN: AT50 3288 0000 0300 1880&nbsp;<\/p>\n\n\n\n<p><strong>Unternehmensgegenstand<\/strong><br>Politische Partei<\/p>\n\n\n\n<p><strong>Gesch\u00e4ftsf\u00fchrer<\/strong><br>LGF BR Matthias Zauner<\/p>\n\n\n\n<p><strong>Grundlegende Richtung<br><\/strong>Das Team VP Langenlebarn ist ein Team wie kein anderes. Wir sind keine Partei f\u00fcr ein Klientel, wir sind eine Team f\u00fcr alle. F\u00fcr alle Mitglieder unserer Gesellschaft, in all ihrer Vielfalt. F\u00fcr uns z\u00e4hlt nicht, ob etwas Links, Rechts oder Mitte ist \u2013 f\u00fcr uns z\u00e4hlt einzig und allein, ob es gut f\u00fcr Langenlebarn ist. Wir sind weder schwarz, noch t\u00fcrkis \u2013 wir sind blau-gelb, wir sind Langenlebarn.<\/p>\n\n\n\n<p>Langenlebarn ist einzigartig, genauso wie seine Bewohnerinnen und Bewohner. Nieder\u00f6sterreich gibt uns eine gemeinsame Identit\u00e4t, ein gemeinsames Gef\u00fchl von Heimat. Wir stehen f\u00fcr Eigenst\u00e4ndigkeit, Selbstbewusstsein und Partnerschaft als Dorf und als Team Langenlebarn. In Nieder\u00f6sterreich, in \u00d6sterreich und auch in Europa. Unser Ort und unsere Bev\u00f6lkerung sind einem permanenten Wandel ausgesetzt \u2013 diesen gilt es zu begleiten. Herausforderungen m\u00fcssen gemeistert und Chancen gen\u00fctzt werden \u2013 aber immer ausgleichend und im Interesse aller.<\/p>\n\n\n\n<p>Wir verbinden Oberaigen und Unteraigen, Dorf und Stadt, Heimatverbundenheit und Weltoffenheit, Tradition und Moderne, Wohlstand und Nachhaltigkeit, Innovationskraft und Lebensqualit\u00e4t. In Langenlebarn sollen gleicherma\u00dfen Platz haben: Leistung und Eigenverantwortung sowie Zusammenhalt und soziale Verantwortung. Wir wollen unser Dorf gemeinsam mit den Lebarnerinnen und Lebarnern Tag f\u00fcr Tag ein St\u00fcck besser machen \u2013 f\u00fcr unsere Generation und die kommenden. Weil wir sind, wie wir sind \u2013 weil wir tun, was wir tun. F\u00fcr unser Land und unsere Dorfgemeinschaft \u2013 sind wir das Team VP Langenlebarn.<\/p>\n\n\n\n<p><\/p>\n","protected":false},"excerpt":{"rendered":"<p>Impressum gem. \u00a7 25 Mediengesetzsowie Anbieteridentifizierung gem. \u00a7 5 Abs 1 ECG Medieninhaber und HerausgeberVolkspartei Nieder\u00f6sterreich, Ferstlergasse 4, 3100 St. P\u00f6ltenOrtsgruppe LangenlebarnE-Mail:&nbsp;vp.direkt@vpnoe.atTel.: +43 (2742) 9020 &#8211; 0Internet:&nbsp;https:\/\/www.vpnoe.at RedaktionGR Mag. Dr. Carmen Kutsche-Androsch BankverbindungRaiffeisenbank TullnIBAN: AT50 3288 0000 0300 1880&nbsp; UnternehmensgegenstandPolitische Partei Gesch\u00e4ftsf\u00fchrerLGF BR Matthias Zauner Grundlegende RichtungDas Team VP Langenlebarn ist ein Team wie kein&hellip; <a class=\"more-link\" href=\"https:\/\/www.oevp-langenlebarn.at\/?page_id=53\"><span class=\"screen-reader-text\">Impressum<\/span> weiterlesen<\/a><\/p>\n","protected":false},"author":1,"featured_media":0,"parent":0,"menu_order":0,"comment_status":"closed","ping_status":"closed","template":"","meta":{"footnotes":""},"class_list":["post-53","page","type-page","status-publish","hentry","entry"],"_links":{"self":[{"href":"https:\/\/www.oevp-langenlebarn.at\/index.php?rest_route=\/wp\/v2\/pages\/53","targetHints":{"allow":["GET"]}}],"collection":[{"href":"https:\/\/www.oevp-langenlebarn.at\/index.php?rest_route=\/wp\/v2\/pages"}],"about":[{"href":"https:\/\/www.oevp-langenlebarn.at\/index.php?rest_route=\/wp\/v2\/types\/page"}],"author":[{"embeddable":true,"href":"https:\/\/www.oevp-langenlebarn.at\/index.php?rest_route=\/wp\/v2\/users\/1"}],"replies":[{"embeddable":true,"href":"https:\/\/www.oevp-langenlebarn.at\/index.php?rest_route=%2Fwp%2Fv2%2Fcomments&post=53"}],"version-history":[{"count":12,"href":"https:\/\/www.oevp-langenlebarn.at\/index.php?rest_route=\/wp\/v2\/pages\/53\/revisions"}],"predecessor-version":[{"id":279,"href":"https:\/\/www.oevp-langenlebarn.at\/index.php?rest_route=\/wp\/v2\/pages\/53\/revisions\/279"}],"wp:attachment":[{"href":"https:\/\/www.oevp-langenlebarn.at\/index.php?rest_route=%2Fwp%2Fv2%2Fmedia&parent=53"}],"curies":[{"name":"wp","href":"https:\/\/api.w.org\/{rel}","templated":true}]}}